thousands digit of 17509?
7
What is the units digit of 955?
5
What is the tens digit of 2583?
8
What is the hundreds digit of 901?
9
What is the thousands digit of 1101?
1
What is the hundreds digit of 1937?
9
What is the tens digit of 23073?
7
What is the tens digit of 95?
9
What is the units digit of 21252?
2
What is the tens digit of 10184?
8
What is the thousands digit of 1445?
1
What is the hundreds digit of 1523?
5
What is the ten thousands digit of 42884?
4
What is the tens digit of 4300?
0
What is the thousands digit of 1034?
1
What is the hundreds digit of 321?
3
What is the units digit of 1260?
0
What is the hundreds digit of 286?
2
What is the ten thousands digit of 14624?
1
What is the ten thousands digit of 24536?
2
What is the tens digit of 1040?
4
What is the units digit of 1195?
5
What is the tens digit of 25?
2
What is the hundreds digit of 120497?
4
What is the ten thousands digit of 20983?
2
What is the tens digit of 6838?
3
What is the units digit of 6325?
5
What is the units digit of 92?
2
What is the thousands digit of 7859?
7
What is the units digit of 1464?
4
What is the units digit of 2945?
5
What is the units digit of 517?
7
What is the tens digit of 7809?
0
What is the units digit of 1751?
1
What is the units digit of 4692?
2
What is the thousands digit of 1423?
1
What is the tens digit of 377?
7
What is the thousands digit of 6523?
6
What is the hundreds digit of 1318?
3
What is the thousands digit of 1777?
1
What is the units digit of 3131?
1
What is the units digit of 5500?
0
What is the thousands digit of 1136?
1
What is the thousands digit of 4500?
4
What is the units digit of 14572?
2
What is the thousands digit of 40626?
0
What is the hundreds digit of 1125?
1
What is the hundreds digit of 5860?
8
What is the ten thousands digit of 37212?
3
What is the hundreds digit of 2533?
5
What is the tens digit of 675?
7
What is the ten thousands digit of 27539?
2
What is the hundreds digit of 294?
2
What is the hundreds digit of 1096?
0
What is the tens digit of 1397?
9
What is the tens digit of 80563?
6
What is the units digit of 1116?
6
What is the hundreds digit of 13336?
3
What is the tens digit of 12225?
2
What is the ten thousands digit of 43234?
4
What is the tens digit of 46641?
4
What is the ten thousands digit of 28746?
2
What is the hundreds digit of 1545?
5
What is the units digit of 5086?
6
What is the units digit of 1136?
6
What is the tens digit of 12241?
4
What is the hundreds digit of 203?
2
What is the tens digit of 65902?
0
What is the hundreds digit of 4322?
3
What is the hundreds digit of 650?
6
What is the units digit of 14756?
6
What is the units digit of 24895?
5
What is the tens digit of 568?
6
What is the hundreds digit of 106531?
5
What is the thousands digit of 26176?
6
What is the ten thousands digit of 10801?
1
What is the tens digit of 153?
5
What is the thousands digit of 1750?
1
What is the hundreds digit of 2818?
8
What is the units digit of 9882?
2
What is the hundreds digit of 1880?
8
What is the hundreds digit of 2023?
0
What is the thousands digit of 5907?
5
What is the tens digit of 463?
6
What is the tens digit of 4325?
2
What is the hundreds digit of 4769?
7
What is the thousands digit of 1273?
1
What is the thousands digit of 25951?
5
What is the thousands digit of 45221?
5
What is the hundreds digit of 76584?
5
What is the units digit of 7535?
5
What is the hundreds digit of 4655?
6
What is the hundreds digit of 2906?
9
What is the tens digit of 1174?
7
What is the units digit of 5139?
9
What is the tens digit of 100605?
0
What is the units digit of 729?
9
What is the hundreds digit of 2538?
5
What is the tens digit of 1898?
9
What is the hundreds digit of 9323?
3
What is the units digit of 8206?
6
What is the tens digit of 2556?
5
What is the hundreds digit of 14251?
2
What is the hundreds digit of 538?
5
What is the units digit of 2021?
1
What is the units digit of 7590?
0
What is the tens digit of 1234?
3
What is the hundreds digit of 2241?
2
What is the hundreds digit of 779?
7
What is the hundreds digit of 89297?
2
What is the units digit of 4305?
5
What is the hundreds digit of 656?
6
What is the thousands digit of 8434?
8
What is the thousands digit of 129688?
9
What is the units digit of 2979?
9
What is the thousands digit of 14263?
4
What is the tens digit of 18680?
8
What is the units digit of 71?
1
What is the tens digit of 98?
9
What is the hundreds digit of 157?
1
What is the ten thousands digit of 134733?
3
What is the hundreds digit of 1613?
6
What is the hundreds digit of 890?
8
What is the tens digit of 1374?
7
What is the units digit of 4602?
2
What is the ten thousands digit of 108371?
0
What is the tens digit of 322?
2
What is the units digit of 2873?
3
What is the units digit of 8535?
5
What is the thousands digit of 3045?
3
What is the units digit of 1608?
8
What is the units digit of 19326?
6
What is the units digit of 139?
9
What is the units digit of 7461?
1
What is the tens digit of 1010?
1
What is the units digit of 54943?
3
What is the hundreds digit of 1599?
5
What is the units digit of 665?
5
What is the tens digit of 185?
8
What is the tens digit of 3934?
3
What is the hundreds digit of 26018?
0
What is the tens digit of 9977?
7
What is the units digit of 4603?
3
What is the hundreds digit of 52936?
9
What is the tens digit of 8872?
7
What is the hundreds digit of 19850?
8
What is the units digit of 117798?
8
What is the thousands digit of 44545?
4
What is the hundreds digit of 3278?
2
What is the thousands digit of 73522?
3
What is the hundreds digit of 3121?
1
What is the tens digit of 8388?
8
What is the hundreds digit of 19421?
4
What is the hundreds digit of 406?
4
What is the units digit of 995?
5
What is the hundreds digit of 1182?
1
What is the hundreds digit of 2716?
7
What is the units digit of 4315?
5
What is the tens digit of 25150?
5
What is the thousands digit of 66060?
6
What is the ten thousands digit of 11536?
1
What is the thousands digit of 2323?
2
What is the thousands digit of 4904?
4
What is the units digit of 4335?
5
What is the tens digit of 6739?
3
What is the tens digit of 4611?
1
What is the hundreds digit of 19640?
6
What is the tens digit of 8351?
5
What is the units digit of 121454?
4
What is the hundreds digit of 10634?
6
What is the hundreds digit of 2675?
6
What is the units digit of 4088?
8
What is the thousands digit of 27724?
7
What is the thousands digit of 6756?
6
What is the thousands digit of 1204?
1
What is the hundreds digit of 737?
7
What is the tens digit of 16802?
0
What is the hundreds digit of 4092?
0
What is the thousands digit of 7831?
7
What is the tens digit of 4759?
5
What is the units digit of 307?
7
What is the thousands digit of 7883?
7
What is the tens digit of 860?
6
What is the units digit of 2258?
8
What is the units digit of 1291?
1
What is the thousands digit of 52602?
2
What is the hundreds digit of 551?
5
What is the thousands digit of 93527?
3
What is the thousands digit of 1889?
1
What is the units digit of 15942?
2
What is the units digit of 691?
1
What is the ten thousands digit of 16651?
1
What is the units digit of 32992?
2
What is the units digit of 1448?
8
What is the hundreds digit of 30925?
9
What is the tens digit of 27689?
8
What is the ten thousands digit of 47325?
4
What is the tens digit of 80247?
4
What is the units digit of 18479?
9
What is the hundreds digit of 17074?
0
What is the hundreds digit of 13899?
8
What is the ten thousands digit of 20675?
2
What is the tens digit of 70452?
5
What is the hundreds digit of 6569?
5
What is the units digit of 1090?
0
What is the tens digit of 2134?
3
What is the tens digit of 10291?
9
What is the units digit of 9369?
9
What is the thousands digit of 3071?
3
What is the thousands digit of 1549?
1
What is the tens digit of 11918?
1
What is the thousands digit of 42088?
2
What is the tens digit of 102?
0
What is the thousands digit of 3799?
3
What is the hundreds digit of 106876?
8
What is the ten thousands digit of 37251?
3
What is the hundreds digit of 34757?
7
What is the tens digit of 67084?
8
What is the hundreds digit of 3183?
1
What is the hundreds digit of 8658?
6
What is the units digit of 17919?
9
What is the hundre